e -9 = -v*n + 6. What is the units digit of n?
3
Let l(a) = -2*a + 7. Let w be l(10). Let m = 28 + w. What is the units digit of m?
5
Suppose -3*p = p. Suppose 5*n - 7 - 13 = p. What is the units digit of n?
4
Suppose 16*z + 228 = 18*z. What is the units digit of z?
4
Suppose 2*m + 2 = -2. Let t = 0 - m. Suppose t*b = 3*b - 9. What is the units digit of b?
9
Let t = -5 - -56. What is the tens digit of t?
5
Suppose 0 = -d + 4, -5*d + 4 = -4*w - 2*d. What is the units digit of w/(-7) - 88/(-14)?
6
Suppose -2*y - 1 - 7 = 0. What is the tens digit of (6/y)/((-18)/132)?
1
Suppose -4*r + 58 = -38. What is the units digit of (r/(-20))/((-2)/5)?
3
Let m = 110 + -68. What is the tens digit of m?
4
Suppose 0*k + 4 = 4*k. What is the tens digit of 1/(-2 - k)*-33?
1
Suppose 0*z + 40 = -4*z. What is the units digit of ((-32)/(-10))/((-4)/z)?
8
Let u = 30 + -42. Let h = -4 - u. What is the units digit of h?
8
Let c = -18 - -12. Let f = -4 - c. What is the units digit of f?
2
Let x = 222 - 21. What is the units digit of x?
1
Let h = -31 + 35. What is the units digit of h?
4
Suppose -l + 1 + 35 = 4*g, -3*l + 84 = 4*g. What is the tens digit of l?
2
Let j be 1*4/6*3. What is the tens digit of j/((6/(-33))/(-1))?
1
Suppose 0 = -w + 3*w + 12. Let c = w - -8. Suppose 3*u - 40 = -c*u. What is the units digit of u?
8
Suppose 14 = 5*f + 4. Let n = -4 - -13. Suppose f*s = -n + 31. What is the tens digit of s?
1
Let h(q) = 9 - 8*q - q**2 + 7 - 3. What is the units digit of h(-9)?
4
Suppose 5*z - 4*z = 135. What is the units digit of z/(-6)*(-4)/6?
5
Let d(y) = -13*y**2 - 1. Let p be d(1). Let i = p - -25. Suppose i + 34 = 5*s. What is the units digit of s?
9
Let q(r) = r**2 + 4*r - 4. What is the units digit of q(3)?
7
Let b = 15 + -1. What is the tens digit of b?
1
Let s be (-6)/(-2) + 1 + 1. Let m = 3 - 1. Suppose -3*f + 23 = a, m*a - 11 - 27 = -s*f. What is the units digit of f?
8
Let q(z) = -39*z**3 + z**2. Let d be q(-1). Suppose -4*l + 3*h + 17 = -d, 21 = 3*l + 5*h. What is the units digit of l?
2
Suppose 0*j = -4*j - 72. Let l = 32 + j. What is the tens digit of l?
1
Suppose 5*j - 7*j = -74. What is the units digit of j?
7
Let r = -13 - -18. Let j be (-2)/(-3)*(2 - -1). Suppose l - j*l = -r. What is the units digit of l?
5
Suppose 26 = 5*q - t, -5*t + 2*t = 4*q - 17. Let r(l) be the first derivative of l**3/3 - 3*l**2/2 - 4*l + 4. What is the units digit of r(q)?
6
Let j be (-60)/18 - (-1)/3. Let i = j - -9. What is the units digit of 27/2*4/i?
9
Let i = 8 + -5. Suppose -2*y - i*y = -75. What is the tens digit of y?
1
What is the units digit of 70*3*(-9 + 10)?
0
Suppose 3*a - 468 = 2*d, -a + 3*d = 4*a - 780. What is the hundreds digit of a?
1
Let g(m) = 6*m**3 + 3*m**2 - 2*m + 2. What is the tens digit of g(2)?
5
What is the tens digit of (92/(-6))/((-10)/(-315)*-3)?
6
Let b(o) = -o**3 - 3*o**2 - 3*o + 2. What is the tens digit of b(-3)?
1
What is the hundreds digit of 2 + 1 - 13*-9?
1
Suppose -2*a + 4 = 5*s - 4, -4*a = -5*s + 14. Suppose 5*p - 105 = -5*m, 3*p = -3*m + s*m + 29. What is the tens digit of m?
1
Let i(j) = j**2 + 2. What is the units digit of i(6)?
8
Let w(x) = x + 9. Let m be w(-7). Suppose -3*a + m*v + 80 = -2*v, -4*v = -2*a + 48. What is the tens digit of a?
3
Let x = 8 - 5. Suppose 2 = x*v - 2*b, -5*b = -0*v - 5*v + 5. Suppose v = -4*o + 9 + 11. What is the units digit of o?
5
Suppose 72 = 5*h + n, 3*h - 2*n - 31 = 7. Suppose h = l + 3. What is the tens digit of l?
1
Suppose 0 = 2*a + 3*s - 342, -5*s = 9*a - 6*a - 514. What is the tens digit of a?
6
What is the units digit of 49 + (9 + -3 - 2)?
3
Let v = 13 - 3. Let b(u) = -u**3 + 9*u**2 + 11*u + 9. What is the units digit of b(v)?
9
Suppose -3*z = 3*n - 18, -5*z = -4*z + 3. Let c = n - -5. What is the units digit of c?
4
Let j(a) = -11*a**3 - 2*a**2 - 2*a - 1. Suppose 0 + 5 = h. Suppose q = -3*k - h - 0, -5*k - 15 = 5*q. What is the units digit of j(k)?
0
Suppose m + 7*l - 2*l - 5 = 0, 3*l = -3*m + 3. Let f = 2 - m. What is the units digit of f?
2
Let q = 11 + -6. Suppose -3*h - 2*h - 2*g = -32, -28 = -h + q*g. Let d = h + -3. What is the units digit of d?
5
Let m(v) = -3*v + 2*v**2 - 5*v**2 + 4 + 2*v**2. Let h be m(-3). Suppose -r = -h*r + 6. What is the units digit of r?
2
Suppose -2*t + 44 = -6*t. Let f = t - -8. What is the units digit of 5 + f/3 + 3?
7
Suppose -2605 - 675 = -16*b. What is the units digit of b?
5
Suppose 4*z - 64 - 164 = 0. Let j = 89 - z. What is the units digit of j?
2
Let h(i) = -i**3 - 10*i**2 - i - 3. What is the units digit of h(-10)?
7
Let o = -203 - -312. What is the hundreds digit of o?
1
Suppose -t + 4*h + 2 = 0, t = 6*h - h - 1. Suppose -q + 49 - t = 0. What is the tens digit of q?
3
Let d(q) = q. Let m be d(3). Suppose m = v - 10. Suppose -2*z - 5*u = -z + v, -23 = -4*z + 5*u. What is the units digit of z?
2
Let q(o) = o + 5. Let m(b) = b - 5. Let k be m(0). Let x be q(k). Suppose 3*c - 47 = -4*g, 5*c + 5*g - 56 - 14 = x. What is the units digit of c?
9
Let q(w) = -52*w - 4. What is the hundreds digit of q(-2)?
1
Suppose 0 = -4*g + 2*t + 18, 0 = g - 6*g - 4*t + 16. Let j = -1 + g. What is the units digit of j?
3
Let r = -1 - -1. Suppose r = -0*i + 3*i. What is the units digit of (-10)/(-1 + i/1)?
0
Suppose 4*y = 3*r + 452, -456 = -5*y + y + 4*r. What is the hundreds digit of y?
1
Let c(z) be the second derivative of -5*z**3/6 + 4*z. What is the units digit of c(-2)?
0
Suppose f = -2*c + 60, c + c = f - 56. What is the units digit of f?
8
Suppose 4*v = 2*v + 42. What is the tens digit of v?
2
Suppose 0 = -3*v - 2*v - 225. What is the units digit of 44/(-6)*v/6?
5
Let c(o) = -o**3 + o**2 - 10*o - 9. What is the hundreds digit of c(-5)?
1
Let c = -91 + 174. What is the units digit of c?
3
Let x be (-1 + (0 - -2))*5. Suppose 4*p - 127 = -3*a + 2*p, 5*a - 220 = -x*p. Suppose 65 = 5*h - 4*l, 0 = -3*h + 5*l - l + a. What is the tens digit of h?
1
Suppose 0 = -3*n - 2*n - 45. Let i be (18/(-8))/(n/48). Let m = 19 - i. What is the units digit of m?
7
Let c(d) = -2*d - 7. Let k be c(-6). Let p(v) = v**2 - 2*v - 2. What is the units digit of p(k)?
3
Suppose 3*y - 599 - 646 = 0. What is the hundreds digit of y?
4
Suppose 0 = 4*u - 5*h - 49, -4*u - 19 = -8*u - h. Let g = 17 + u. Suppose 4*p + 3*s = -0*p + 25, -5*s + g = 4*p. What is the units digit of p?
7
Suppose -2*f - 77 + 249 = 0. What is the units digit of f?
6
Let n(x) = -x**2 - x - 1. Let g(t) = 3*t - 7*t**2 - 6*t + 3*t - 6 - t. Let j(y) = -g(y) + 4*n(y). What is the units digit of j(2)?
8
What is the units digit of (-14)/3*1224/(-119)?
8
Let c = 20 + -1. What is the tens digit of c?
1
Suppose 5*i = g - 36, 2*g - 3*i - 2*i = 57. What is the units digit of g?
1
Let h be -6*(-1)/(4 - 2). Suppose -5*q + 2*q = -2*w - 32, 4*q = -h*w + 54. What is the tens digit of q?
1
Let d(t) = t + 142. Let k be d(0). What is the tens digit of 12/18 - k/(-3)?
4
Let n(m) = -39*m. Let v be n(-1). Let c = 87 + -82. Suppose -12 = -c*t + 3, -4*s + v = t. What is the units digit of s?
9
Suppose -z + 4 = -3*v, v + 15 - 3 = -5*z. What is the units digit of -23*(3 + (-6 - v))?
3
Let a(n) = n + 12. Let k be a(-8). What is the units digit of 2/(-8) + 53/k?
3
Suppose 0 = -4*o + 5*b + 22, 3*o + 0*o + 3*b - 3 = 0. Suppose 2*r + o = 3*r. Suppose -6*s + 3*c = -s - 37, -r*s = 2*c - 26. What is the units digit of s?
8
Let b(g) = g**2 + 12*g - 39. What is the units digit of b(-20)?
1
Let v(b) = b**3 - 8*b**2 + 9*b - 7. Let p be v(7). Suppose -s = -2*s + p. What is the units digit of s?
7
Let k(z) = 2*z**3 - z**2 + 1. Suppose 0 = 4*d - 4*j + 20, -4*d + 5*j = -4 + 26. Let p be (-6 - d)*(-2)/6. What is the units digit of k(p)?
2
Let z(g) = -g**3 - 6*g**2 - 3*g + 6. Let y be z(-5). Let h be 7 + 6/(1 + y). Suppose -v + h = -2. What is the units digit of v?
7
Suppose 0 = y + 3*y. Suppose n = -y*n + 4. What is the units digit of n?
4
Suppose -n + 30 = 2*n. Let j = -3 + n. What is the units digit of j?
7
Suppose -6 = s - 8. Suppose 11 + 19 = s*z. What is the tens digit of z?
1
Let t(p) = 7*p**2 - 1. Let b be t(-1). Suppose 0*m = 2*m - b. Suppose 2*v = z + 19, -m*z = 4*v - 63 + 10. What is the units digit of v?
1
Let y = 484 - 317. What is the units digit of y?
7
Let z be 21/(-6) + (-2)/4. What is the units digit of (-1)/(2/(-4)) - z?
6
Let z(m) = -m**3 - 9*